. Let m(f) = -5*f**2 - f. Let g be m(1). Determine d(g).
-3
Suppose -31 - 8 = -13*j. Let n(l) be the second derivative of l**3/6 - 2*l**2 + 24*l. What is n(j)?
-1
Let h(l) = -l**2 - 4*l + 6. Let a be (-110)/(-25) + (-2)/5. Suppose u = a*u. Suppose u = 4*b - 7*b - 18. Give h(b).
-6
Let g be (-9)/15*5/(-1). Let a be 2 - (5 - 5)/(2 + -4). Let x(r) = -r**g + 2*r - 2*r**2 - 1 - a*r. Give x(-3).
8
Let s = 8 + -2. Let x be (-11)/33 + 7/3. Let z(f) = 7 + 2 + 0 + 0 - x*f. Determine z(s).
-3
Suppose -3*t + 4 = -t. Suppose -3*w - 3*s - 5 = -t, s = -5*w + 7. Let q(n) be the first derivative of -2*n**2 + 2*n + 140. Determine q(w).
-6
Suppose b = 2 + 3. Let t be (-12)/8*16/(-6). Let n(m) = 3*m - 2*m - t + 3 + 2. What is n(b)?
6
Let k = -81 + 84. Let p be 76/(-57) + 4/k. Let m(h) = h + 1. Calculate m(p).
1
Let a(j) = -j**3 - 2*j**2 - j + 1. Let s(f) = -3*f**3 - 3*f**2 - 2*f + 1. Let b(z) = 5*a(z) - 2*s(z). Determine b(4).
-1
Let o(u) be the third derivative of u**7/840 - u**6/60 - u**5/120 + u**4/3 + 17*u**3/6 - 10*u**2. Let t(n) be the first derivative of o(n). Give t(6).
2
Suppose 293*u + 7 = 292*u. Let j(d) = d**2 + 8*d. Determine j(u).
-7
Let v(f) = 12 - 6*f**3 + 16*f - 17*f**3 + 7*f**2 + 22*f**3. What is v(9)?
-6
Let b(w) = -16*w**3 - 11*w**2 + 15*w - 11. Let q(f) = -7*f**3 - 5*f**2 + 7*f - 5. Let h(j) = 4*b(j) - 9*q(j). Determine h(2).
-9
Suppose 4*r = 9 - 13. Let t(s) = s**3 + 3*s**2 - 8*s - 10. Let j(x) = -1. Let h(v) = r*t(v) + 4*j(v). What is h(-5)?
16
Let b(y) = 6 - y**2 - 14 + 1 - 15*y. Give b(-15).
-7
Let v(h) be the second derivative of h**5/20 + h**4/4 - h**2/2 + 92*h. Give v(-3).
-1
Let i(g) be the second derivative of -g**3/6 - 2*g**2 - 6*g - 1. Calculate i(-5).
1
Let y = -132 - -189. Let z(i) = -59*i**2 + 2*i**3 - 4 + 5 - 9*i**3 + y*i**2. Give z(-1).
6
Let k be 1/3*22 + 2/3. Let f(x) = -4*x + 2 + 0*x**2 - k*x**2 + 4*x**2 + 3*x**2. Determine f(-4).
2
Let s(p) be the first derivative of -p**3/3 - 3*p**2 + 3*p - 21. Let i(y) = y**3 - 14*y**2 - 7. Let f be i(14). Calculate s(f).
-4
Suppose s = -2*q - 16, -3*s - 4 = -2*q + s. Let h be q/(-5) + 3/(-15). Let b(n) = 0 - 2 + 4*n**2 + h + 4*n**2 + n. Determine b(1).
8
Let i(r) = -3*r**3 + 6*r**2 + 5. Let g(y) = -2*y**3 + 1. Let c(k) = -g(k) + i(k). Determine c(6).
4
Let i(h) = -h**2 + 4*h + 2. Let k be i(2). Suppose 0*j = 3*j - k. Let o be (-297)/44 + j/(-8). Let t(v) = v + 6. What is t(o)?
-1
Let y(q) = q**2 + 3*q - 1. Let w be y(-4). Let p(r) = -2 - 7*r**3 + 6*r**w - 2*r**2 + r**2. Suppose -5*l + 3*h = 7 - 23, 3*h = -2*l - 2. What is p(l)?
-14
Let q(w) = 11*w**2 + 2*w - 2. Let i(p) = p**3 - 4*p**2 - 11*p + 28. Let f be i(5). Give q(f).
38
Let l(m) = -2*m**2 + 13*m + 8. Let k(r) = -r**2 + 7*r + 4. Let o = -91 + 96. Let y(f) = o*k(f) - 2*l(f). Determine y(9).
4
Suppose 14*c - 10*c - 24 = 0. Let o be c/(-27) - (48/27 - 1). Let q(u) = -3*u**3 + 2*u**2 + 2*u + 1. Calculate q(o).
4
Let c(h) = 3*h**3 + h**2 - h. Let y be c(1). Let r(i) = -i - 1 - 2*i**2 + y*i**3 - 4*i**3 + 4*i. Let p be 42/(-15) + ((-4)/20)/1. What is r(p)?
-1
Suppose -5 = -b + 4. Let v(n) = 103 - n - 7 + 107 - 190. What is v(b)?
4
Let d(p) be the third derivative of 0*p - 1/3*p**4 - 7/60*p**5 + 17*p**2 - 5/6*p**3 + 0 - 1/120*p**6. Calculate d(-6).
7
Let j be (4 + (-3)/3)/1. Let g(n) be the third derivative of 5/24*n**4 + 0 + 0*n - 1/60*n**5 + 2/3*n**j + 6*n**2. Determine g(5).
4
Suppose 0*v - 4*v = -8. Suppose 2*d - v - 6 = 0. Let z(h) = 2*h - 10. Let k(y) = -2*y + 11. Let t(q) = -5*k(q) - 6*z(q). Determine t(d).
-3
Let i = 13 + -5. Suppose -i*j = -10*j. Let z(u) = -3 - 9*u**3 + 4 + j*u**2 - u**2. What is z(-1)?
9
Let v(j) = 5*j**2 + 30*j. Suppose 0 = -199*o + 208*o + 54. Determine v(o).
0
Let d(i) = -40*i**3 - 12*i**2 + 8*i + 13. Let s(m) = 41*m**3 + 14*m**2 - 9*m - 15. Let l(o) = -7*d(o) - 6*s(o). Calculate l(-1).
-33
Let l(d) = 15*d + 6. Let a be l(-3). Let i = 17 + a. Let t = -15 - i. Let o(z) = -z**2 + 8*z - 2. What is o(t)?
5
Let z = -100 - -93. Let x(n) = n**2 - 1. Let r(h) = -h - 5*h**2 + 7 + 6 - 4*h. Let u(j) = -r(j) - 4*x(j). Determine u(z).
5
Suppose -q = 5*m + 5, 0*q - 44 = 4*q - 4*m. Let f(w) = -w**3 - 9*w**2 + 11*w + 7. Calculate f(q).
-3
Let s(b) = b**3 + 2*b**2 - 4*b. Let u(p) = -4*p. Let i be u(1). Let d(z) = -4*z - 10. Let n be d(i). Let a be (-144)/56 - n/14. Calculate s(a).
3
Let m(o) = 27*o**2 - 9 + 18*o**2 - 71*o**2 + 0 + 25*o**2 + 9*o. Give m(7).
5
Let n(u) = -u - 1. Let l(y) = -y + 2. Let j(a) = -2*a + 11. Let c(v) = 3*j(v) - 12*l(v). Let t = 1 - 4. Let r(x) = t*n(x) - c(x). Calculate r(-4).
6
Let b(y) = -8*y - 4. Let k(h) = -2*h - 2. Let u(d) = -3*b(d) + 8*k(d). Calculate u(5).
36
Let x(u) = -2*u**2 - u - 4. Let d(n) = -3*n**2 - 7*n. Let k(c) = d(c) - x(c). Give k(-5).
9
Suppose 0 = -z + 4 - 1. Let p(v) = v**2. Let w(a) be the first derivative of -2*a**3 + a**2/2 + 3*a - 8. Let j(l) = -5*p(l) - w(l). Give j(z).
3
Let t = 40 + -36. Suppose t*d = 8*d - 4. Let p(i) = i - 2. Determine p(d).
-1
Let z = 4 - 3. Suppose 0 = -3*a + 7 + 5. Let g(t) = 8*t**2 + 5*t - 5. Let l(h) = 9*h**2 + 6*h - 6. Let r(f) = a*l(f) - 5*g(f). Determine r(z).
-4
Suppose -17 + 8 = -3*f. Let x(y) = -f*y + 2*y - 1 + 0*y + 2*y. Give x(-3).
-4
Let q(a) = 7*a - 7. Let n(g) = g**2 - 10*g + 2. Let b be n(9). Let u be 3/(6/(-4)) - b. Let m(s) = 4*s - 3. Let i(x) = u*m(x) - 3*q(x). Determine i(5).
1
Let j(d) be the first derivative of -3*d**2/2 + 27. Suppose -n = -y - 0*y - 3, n = -2*y. Determine j(y).
3
Let y(d) = 195646*d + 9 + 2 - 195641*d. Give y(-3).
-4
Let p(a) = -a**3 - 5*a**2 - 4*a - 2. Let x = -19 + 21. Suppose -4*z = -i - 6, 2*i - z + 0*z - x = 0. Let u be i + -2 + -2 + -2. What is p(u)?
-2
Let x(c) be the first derivative of -c**3/3 - c**2/2 - 2*c - 513. Determine x(5).
-32
Let i(a) = 20*a - 11. Let x(c) = -23*c + 12. Let g(u) = -6*i(u) - 5*x(u). Give g(2).
-4
Let z(d) = -1 + 3 - 2*d + 3*d**2 - 5 + 0*d. What is z(-2)?
13
Suppose -2*j - u = -5*u + 2, 4*j = -3*u + 7. Let d be (j - 6)*-1 - 3. Let y(p) = -4*p**d + 9*p**2 - 1 - 5*p - 6*p**2. Calculate y(-5).
-1
Let l(w) = -3*w**3 + 3*w**2 + 9*w - 5. Let i(v) = 4*v**3 - 2*v**2 - 9*v + 4. Let n(h) = -2*i(h) - 3*l(h). Calculate n(6).
-11
Suppose -4*f = -3*s - 7*f, 0 = -2*s + 2*f + 12. Let b(d) be the first derivative of -d**2 - 4*d - 12. Calculate b(s).
-10
Let q(b) = -b**3 + 10*b**2 - 11*b + 11. Let x = -46 - -27. Let d = -10 - x. Determine q(d).
-7
Let x(i) = -9*i**2 - 7*i + 28. Let b(q) = -5*q**2 - 3*q + 14. Let h(k) = 11*b(k) - 6*x(k). Let c be h(5). Let j(g) = 3*g - 4. Determine j(c).
14
Let d = -19 - -21. Suppose d*p + 10 = 2*q, 0 = 4*q - 5*p - 13 - 6. Let x(j) = j**3 + 0*j + q*j - 6*j - 2 - 2*j**2. Give x(2).
-2
Let l(z) = 25*z - 5. Let b(x) = -29*x + 5. Let w(t) = 6*b(t) + 7*l(t). Suppose 5*i = 2*q - 31, 5*q - 37 = -0*q - i. What is w(q)?
3
Let c(j) = j - 4. Let b(q) = -q + 12. Let t be b(4). Let x = -12 + t. Let s be (-2)/x + (-36)/8. Give c(s).
-8
Let v(j) be the second derivative of -j**3/3 + 9*j - 5. Give v(-1).
2
Let b(g) = -3 + 8771*g**2 - 1 + 2*g - 8772*g**2. What is b(0)?
-4
Let t(w) = -w**3 + 5*w**2 + 8*w - 1. Suppose 186 = 34*r - 3*r. Determine t(r).
11
Let o(m) be the second derivative of m**4/12 - m**3/6 - 3*m**2/2 - 21*m. Let j = 3 + 2. Give o(j).
17
Let q(r) = -8. Let d(j) = 4*j - 47. Let y(m) = -d(m) + 6*q(m). Give y(-9).
35
Let s(o) be the third derivative of -o**7/840 - o**5/120 - o**4/3 + 8*o**3/3 - 26*o**2. Let z(r) be the first derivative of s(r). Calculate z(0).
-8
Let w(c) = c - 6. Let o be 0*(5/(-20))/((-4)/(-8)). Determine w(o).
-6
Let b(c) = -3*c**3 - 4*c**2 - c - 7. Let h be 22*2*(51/(-12) - -4). Let g(k) = 8*k**3 + 12*k**2 + 2*k + 20. Let v(m) = h*b(m) - 4*g(m). Give v(4).
9
Let v(b) = b - 1. Let n be v(3). Let p(y) = -8*y**2 + y - 2. Let f(t) = -3*t**2 - 2. Let z(s) = 2*f(s) - p(s). Calculate z(n).
4
Let n(k) = k**3 + 7*k**2 - 10*k - 7. Let m be n(-8). Let j(f) be the first derivative of f**2 - 13*f - 179. Calculate j(m).
5
Let z be (3/(-6))/(1/(-10)). Suppose 0*h + h = -3*o + 9, h + 2*o - z = 0. Let b(x) be the second derivative of x**4/12 + x**3/6 - x**2/2 - 6*x. Determine b(h).
5
Let h(i) be the second derivative of -i**6/120 + i**5/60 + i**3/3 - 13*i**2/2 + i. Let w(v) be the first derivative of h(v). Determine w(0).
2
Let r = 0 - 0. Let d be 2 + (r - -1 